 = w + -44. List the prime factors of y.
97
Suppose -2*j = d - 47, -4*j - 7 + 99 = 4*d. List the prime factors of j.
2, 3
Let y be (-3)/(-5) + (-49)/(-35). Suppose -y*b = -151 - 97. List the prime factors of b.
2, 31
Suppose 0 = -0*f + 4*f - 540. Suppose 14*b - f = 9*b. List the prime factors of (-2)/6 - (-1548)/b.
3, 19
Suppose 4*r + 1 = 2*b + 13, 4*b + 4*r = 12. Suppose -4*f + 127 = 4*g - f, 2*g + 5*f - 53 = b. What are the prime factors of g?
2, 17
Let m = -126 - -70. Let h(v) = -8*v**2 - 4*v + 5. Let q be h(2). What are the prime factors of (-75)/(-2)*m/q?
2, 3, 5
Let m(w) = -w**2 + 8*w - 12. Let o be m(6). Suppose 7*p - 69 - 372 = o. What are the prime factors of p?
3, 7
Let u(w) = -5*w**3 - 3*w**2 + 7. Let k(m) = m**3 + m**2 - 1. Let t(i) = -3*k(i) - u(i). Let x be t(3). Let d = x - 17. List the prime factors of d.
3, 11
Suppose -4*j + 12 = -2*k, -8*j + 3*j - 4*k + 15 = 0. Suppose -2*a - 3*a = j*q - 680, 0 = 2*a - 2*q - 256. What are the prime factors of a?
7, 19
Let n(m) be the second derivative of 3*m**3 - 2*m**2 - 6*m. Let j be n(8). Suppose 6 = -2*y, -5*y + j = 5*u - 0*y. What are the prime factors of u?
31
Suppose -t + 5*t + 3*u = 661, -3 = 3*u. List the prime factors of t.
2, 83
Let n = -23 + 26. Suppose -n*y + 2*b + 8 = 0, -3*b - 20 = -y + 2*b. Suppose y = -5*z + 146 + 24. What are the prime factors of z?
2, 17
What are the prime factors of -2*(2 - 1338/(-8))*-2?
677
Let i(y) be the third derivative of -y**5/60 - 3*y**4/4 + 3*y**3/2 - 23*y**2. What are the prime factors of i(-8)?
89
Let v(y) = -y**2 - 12*y - 10. Let d be v(-8). Let w = -50 + d. Let f = w + 57. What are the prime factors of f?
29
Let q(f) = f**3 - 32*f**2 - 24*f - 148. What are the prime factors of q(34)?
2, 337
Suppose -s = -3*q - 0*q - 11, 4*s - 4*q - 12 = 0. Let k(m) = -9*m**2 + 5*m - 4. Let f(w) = w - 1. Let r(g) = 5*f(g) - k(g). What are the prime factors of r(s)?
2
Let v = 8 + 0. Suppose -3*l = -v - 37. List the prime factors of l.
3, 5
Suppose -10 = -3*o + 2. Suppose 0 = -o*q - 161 + 645. List the prime factors of q.
11
Let a(w) = -w + 1. Let n be a(-4). Suppose 2*k - 208 = -k - n*g, -3 = 3*g. List the prime factors of k.
71
Suppose 3*i - 126 - 755 = -5*q, -5*i + 1483 = q. What are the prime factors of i?
3, 11
Let q(k) be the first derivative of -7*k**2/2 + 13*k + 10. Let i be q(6). Let r = i + 90. What are the prime factors of r?
61
Suppose 5*k - 7 = 38. Suppose 0 = 2*t - k - 23. What are the prime factors of (t/(-10))/((-4)/20)?
2
Let r(b) = -81*b - 759. List the prime factors of r(-46).
3, 23, 43
Let a(p) = p**2 + 4*p - 8. Let c be a(-6). Suppose -30 = 5*o - g - 167, 5*g - 127 = -c*o. Suppose 9*z - 8*z = o. What are the prime factors of z?
2, 7
Let b be ((2 - 2)*1)/(-2). Let d be (-60)/(-84) - (-4)/14. List the prime factors of d*(9 - (3 + b)).
2, 3
Suppose -46*t = -23*t - 29762. What are the prime factors of t?
2, 647
Let y = -80 - -137. List the prime factors of y.
3, 19
Let g(a) = 3 + 6*a - 14*a - 5. Let p be g(-8). Let v = p + -20. What are the prime factors of v?
2, 3, 7
Let a(r) = r**2 + 5*r + 4. Let q be a(-7). Let d be (-12)/q - 8/6. List the prime factors of 297/6 - d/4.
2, 5
Let s = -228 + 404. What are the prime factors of s?
2, 11
Let c(h) = 6*h**2 - 12*h - 1. Suppose -4*p + 18 = -4*b + 5*b, 5*p + b = 23. List the prime factors of c(p).
89
What are the prime factors of 112 + 7 + 2 - -8?
3, 43
Let t(p) = 66*p**2 - p + 1. What are the prime factors of t(-4)?
1061
Suppose -48*n - 97008 = -72*n. List the prime factors of n.
2, 43, 47
Let x = 2 + 1. Let c be (4 + -2)*-1*(-19 - -18). Suppose -x*i = -c*i - 17. What are the prime factors of i?
17
Let s(p) = p**3 - 4*p**2 - 11*p + 7. Let j be s(6). Let r = 51 - j. List the prime factors of r.
2, 19
Let s(q) = -3*q**2 + 5*q - 1. Let u(i) = -7*i**2 + 9*i - 2. Let c(b) = 5*s(b) - 3*u(b). Let g be c(1). Suppose -g*v = -19 - 36. List the prime factors of v.
11
Suppose 0 = 16*x - 3982 - 4562. List the prime factors of x.
2, 3, 89
Let y be (-10)/(-65) + 375/13. Let p = 5 - 0. Let d = y + p. What are the prime factors of d?
2, 17
Let t(u) = -26*u**3 - 14*u**2 - 25*u - 2. List the prime factors of t(-4).
2, 769
Let h = 65 - 63. Suppose 99 + 31 = h*z. List the prime factors of z.
5, 13
What are the prime factors of (1029/14)/(5 + 49/(-10))?
3, 5, 7
Let n be 2/2 + (-1 - -2). Let i be 9 + -2 + n + -4. Suppose 2*q + 2*q - 10 = 2*u, 0 = i*u - 5*q. What are the prime factors of u?
5
Let w be 2 - 8/2 - 10/(-2). Suppose -20 = w*g - 266. List the prime factors of g.
2, 41
Let n be 75/(-11) + (-2)/11. What are the prime factors of -4 + 2 - (0 + n)?
5
Let v = -59 + 1744. What are the prime factors of v?
5, 337
What are the prime factors of (-6 - 0) + -9 + 3278?
13, 251
Suppose -27241 = -37*j + 5393. What are the prime factors of j?
2, 3, 7
Let j(v) = -v**3 - 19*v**2 + 37*v - 29. What are the prime factors of j(-21)?
2, 19
Suppose -3487 = 319*j - 330*j. List the prime factors of j.
317
Let p be 6/27 + (-3760)/(-9). Suppose -4*f = -p + 70. List the prime factors of f.
3, 29
Let j = 14 - 29. Let h be 1803/15 - (-3)/j. Suppose 2*l - 6*l = -h. List the prime factors of l.
2, 3, 5
Let t = 658 - 289. Let r = t - 255. What are the prime factors of r?
2, 3, 19
Let a be 0/(3/(4 - 1)). Suppose a = -3*n - n + 16. Suppose -n*u + 114 = -u. List the prime factors of u.
2, 19
Suppose 0*i = -5*i + 25. Suppose -2*x + 5*c = -19, -4*x - 3*c - 12 = -i*x. List the prime factors of 27 + x + -1 + 4.
3
Let u(o) = -12*o**2 - 14 - 2*o**3 + o + o**3 + 31*o**2. What are the prime factors of u(19)?
5
Let r = -13 + 17. What are the prime factors of (1 + -12*r/(-6))*1?
3
Let h be (-4)/(-18) + (-260)/(-45). Let q be 2*((-15)/h + 2). Let l = 9 - q. What are the prime factors of l?
2, 5
Let g(m) = 9*m + 19. List the prime factors of g(3).
2, 23
Suppose 6*k = -147 + 8469. List the prime factors of k.
19, 73
Let b be (-2)/(((-3)/198)/((-3)/12)). List the prime factors of (-501)/b + (-2)/44*4.
3, 5
Suppose -4*i + 4 + 16 = 0. What are the prime factors of (-465 - 0)*(0 - i/15)?
5, 31
Let n be (2/(-5))/((-2)/110). Suppose -2*c + 37 + 31 = 0. Let m = c - n. What are the prime factors of m?
2, 3
Let h = 1062 + -797. List the prime factors of h.
5, 53
Let f = 4 - -1. Suppose 5*i + 30 = -5*g, 0 = -f*i + i - 2*g - 24. Let x = -3 - i. What are the prime factors of x?
3
What are the prime factors of (-8)/(-6)*((-193230)/12)/(-19)?
2, 5, 113
Suppose 4*y + 3*o - 2532 = y, -4*y + 4*o = -3392. List the prime factors of y.
2, 3, 47
Suppose -3584 + 1450 = -3*u + 2*l, -l = -3*u + 2138. Let n = u - 502. What are the prime factors of n?
2, 53
Let s = 702 - 271. What are the prime factors of s?
431
Let h = -14 - -14. Suppose -5*i + 3*d + 83 = 0, h = -i + 3*i + 5*d - 27. List the prime factors of i.
2
Suppose 2 + 3 = 3*m + 4*d, -4*m + 9 = 3*d. Let q(k) = 3*k - 2. Let o be q(m). Suppose -3*l + o*l = 5*w - 78, 32 = 2*w - 2*l. List the prime factors of w.
2, 7
Suppose i + 28 = 2*s - 3*i, -4*i - 32 = -3*s. Suppose 0 = -5*n - 25, 4*q = 2*q + s*n + 58. List the prime factors of q.
19
Suppose -2*c - 5 = -13. Suppose -c*l + 3 + 0 = -3*m, -l + 2*m - 3 = 0. Suppose -v - l = -20. List the prime factors of v.
17
Suppose 4*d - 764 = 100. Suppose 3*c - d = c. Let p = -29 + c. List the prime factors of p.
79
Suppose -7*p + 6*p = -2. List the prime factors of ((-67)/p)/((-4)/8) - 1.
2, 3, 11
Suppose -4*v + 3 = -v. List the prime factors of 10/(v/(-3)*-2).
3, 5
Let b(j) = j. Let p be b(3). Let k(t) = 28*t - 12. What are the prime factors of k(p)?
2, 3
Suppose 4*a - 4*j - 96 = 0, -3 = -0*j - j. Suppose m - a = -6. Suppose 111 = 3*w + 5*q - q, m = w - 4*q. What are the prime factors of w?
3, 11
Let x(o) = -9*o + 9. Suppose -2*s + 20 = -0*l - 3*l, 3*s - 60 = -3*l. Let v be ((-4)/(-6))/(s/(-120)). List the prime factors of x(v).
2, 3
Let s be (1 - 0)*(3 - 3). Suppose 3*w + w - 12 = s. Suppose -w*y + 2*j + 152 = 0, -79 = 3*y - j - 236. List the prime factors of y.
2, 3
Suppose -235*g = -231*g - 336. What are the prime factors of g?
2, 3, 7
Let c(u) = u + 6. Let p be c(-3). Suppose p*z - 174 = -3*l + z, 0 = 5*l + 4*z - 290. What are the prime factors of l?
2, 29
Suppose -122 = -b + q + 30, -b = -5*q - 156. What are the prime factors of b?
151
Let y(g) = -g**2 + 4*g + 6. Let b = -19 + 24. Let d b